 the prime factors of b?
3, 43
Let w(a) = -9*a + 38. Let p(z) = 10*z - 39. Let s(f) = 4*p(f) + 5*w(f). List the prime factors of s(-22).
2, 3
Let o(c) be the second derivative of -1/20*c**5 + 0 + 2*c**3 - 15*c + 2/3*c**4 + 4*c**2. List the prime factors of o(9).
5, 7
Suppose 851*f - 696*f = 426870. List the prime factors of f.
2, 3, 17
Suppose 4*q - 5*l - 17 = 11, -4*q + 4 = l. Let f(i) = -14*i + 6. Let h be f(q). Let z = 25 + h. What are the prime factors of z?
3
Suppose 6*f = -4*j + 32397 + 30237, f = -4*j + 10419. List the prime factors of f.
3, 59
Suppose -5*s = 23*s + 39*s - 1538454. List the prime factors of s.
2, 3, 43, 89
Suppose -6*m - 8921 = 5*m. Let w be 4 + -7 + 3 - m. Suppose -5*g = -64 - w. List the prime factors of g.
5, 7
Suppose 0 = 7*l + 5*n - 219958, 3*l + 21*n - 94251 = 17*n. List the prime factors of l.
53, 593
Let t(p) = -125*p - 116*p - 66*p - 5 + 57*p + 1. List the prime factors of t(-1).
2, 3, 41
Let k(c) = 100 + 2*c**3 + 0*c - 3*c - 3*c**3. Let q(b) = -b**2 + 70*b - 136. Let y be q(2). List the prime factors of k(y).
2, 5
Suppose -5*w - 569 = 39*r - 41*r, 2*r = 4*w + 572. Let m = r + -37. What are the prime factors of m?
3, 5, 17
Let g = -463 - -3492. Suppose -43*p + 30*p + g = 0. List the prime factors of p.
233
Let z(n) = -3*n + 26. Let j be z(8). Suppose 0 = -5*u - 0*u - m + 552, 0 = j*m + 6. Let b = 205 - u. List the prime factors of b.
2, 47
Let j(q) = -q**3 - 10*q**2 + 26*q + 34. Let o be j(-12). Let z = o + 265. List the prime factors of z.
5, 11
Suppose -6*h - 73 = -85. What are the prime factors of (4 - h)*(-1533)/(-14)?
3, 73
Suppose -123 = 19*h - 47. List the prime factors of (-1)/(4*h/10976).
2, 7
Let v(r) = 140*r**2 + 39*r - 108. List the prime factors of v(-11).
47, 349
Let q(a) = -4*a**2 - 4*a - 2. Let m be q(-2). Let c be 7 + m + (-1)/(1/3). Let p(o) = -o**3 - 3*o**2 + 3*o - 12. What are the prime factors of p(c)?
2, 3, 13
List the prime factors of (-3 + 0)/((189/(-166544))/9).
2, 1487
Let w = 189 - 197. Let r = 483 + w. List the prime factors of r.
5, 19
What are the prime factors of (1 - -1)/((-157)/(-625645))?
2, 5, 797
Suppose -7634 = 2*h + 2694. List the prime factors of (-1 - h/8)/(11/22).
1289
Let h(w) = 2*w**2 + 13*w - 6. Let a be h(4). Let p = -139 + a. Let m = 157 + p. List the prime factors of m.
2, 3
Let y be (1/(-2))/(1 - (-65)/(-60)). Suppose -3*u = y*u - 126. Let a(p) = 4*p + 15. List the prime factors of a(u).
71
Suppose -348*t + 488*t - 1401680 = 0. List the prime factors of t.
2, 2503
Suppose 69 = 5*w - 81. Suppose -8*x + w = -2*x. Suppose n = 2*m - 246, 4*n - 299 = -x*m + 329. List the prime factors of m.
2, 31
Suppose 124*w - 12640 = 116*w. List the prime factors of w.
2, 5, 79
What are the prime factors of (-1614)/(8*(-3)/1116)?
3, 31, 269
Suppose -5 = f - 10, -5*f = 2*z - 9065. List the prime factors of z.
2, 5, 113
Suppose -537705 = h - 13*h - 9*h. List the prime factors of h.
3, 5, 569
Let p be -10 + (9/(-27))/(1/(-6)). List the prime factors of (p/(-2))/((-44)/(-682)).
2, 31
What are the prime factors of -14825*(-6 - (-84)/30)?
2, 5, 593
Let d be (0 - -4)*(10 + -27). Let o = -66 - d. Suppose 150 = 5*g - u + 4*u, 4*u = o*g - 34. What are the prime factors of g?
3
Let a be 5/((-3633)/518 - -7). Let j = 646 + a. List the prime factors of j.
2, 3, 23
Let k = 5537 + 3620. What are the prime factors of k?
9157
Let d = 72 - 60. Suppose -3*s + d = -4*z, 4*s - 2*z + 12 = -6*z. Suppose -5*n + g + 225 = s, -4*g + 236 = 4*n + 32. What are the prime factors of n?
2, 23
Let y = 2858 - 1130. Suppose -y = -130*k + 127*k. List the prime factors of k.
2, 3
Suppose 58*s + 89*s - 2224110 = 0. List the prime factors of s.
2, 5, 17, 89
Let y(w) = 874*w + 155. List the prime factors of y(9).
13, 617
Suppose 46*o - 40*o = -1698. Let a = o - -680. List the prime factors of a.
397
Let f be (-8)/12*(-111)/(-2). Let l = 39 + f. Suppose n + c = -3*c + 20, -l*c - 90 = -2*n. List the prime factors of n.
2, 5
Suppose -60*b + 172*b + 307060 = 4467860. What are the prime factors of b?
2, 5, 743
Let m(p) = p**2 + 6*p. Let s be m(-6). Suppose 5*t + 4*j - 24 = -s*t, 4*t = -5*j + 21. List the prime factors of -37*(-3 + t)*2/(-2).
37
Suppose 2*n + 5*s - 15 = 0, -6 = 5*n + s - 3*s. Suppose -78*t + 74*t + 16 = n. Suppose z + t*p - 7*p = 120, 469 = 4*z - p. List the prime factors of z.
3, 13
Let q(k) = 15*k + 19 + 5*k**2 - 4*k - 102 - 7*k. What are the prime factors of q(-10)?
13, 29
What are the prime factors of (-126)/540 - 5/30 - (-229374)/10?
22937
Suppose -4*v = 3*g - 6305, 0 = 4*g + v + 4*v - 8408. Suppose -g = -10*h + 1333. What are the prime factors of h?
2, 43
Suppose 9*j + 2 = 20. Suppose 5*l + j = 6*l. Suppose -4*z - 101 = x - l*x, -2*z + 8 = 0. List the prime factors of x.
3, 13
Suppose -9*n = 2550 - 39. Let r = -80 - n. Suppose 3*t - 4*c = -6*c + 129, r = 5*t - 2*c. List the prime factors of t.
41
Let y = 3704 - 2950. What are the prime factors of y?
2, 13, 29
Let a be -4*(-12 - (-5 + 3)). Suppose -8*k - 8 = -a. Suppose -4*z - k*b + 148 = 0, 5*z = -3*b + 213 - 28. List the prime factors of z.
37
Suppose -w - 3 = -9. Suppose -37*r - w = -40*r. Suppose -p = -r*p + 48. What are the prime factors of p?
2, 3
Let r = -39 + 15. What are the prime factors of (-6)/(-2)*((-4376)/r + -6)?
23
Let t(a) = -a**3 + 2*a**2 - a + 2. Let d be t(0). Suppose d*p + 1068 = 3*c, -4*c + 3*p + 1424 = 2*p. List the prime factors of c.
2, 89
Suppose -5*j - 3*m + 16613 = 0, 26*m - 97 = j - 3526. What are the prime factors of j?
5, 7, 19
Suppose 120*r - 406800 = 7*r. List the prime factors of r.
2, 3, 5
Let u = 1522 + 3230. List the prime factors of u.
2, 3, 11
What are the prime factors of 238380/16 - 2040/544?
3, 5, 331
Suppose 15*r = 17*r - 8. Suppose -6902 + 626 = -5*o + r*b, 3*o = 4*b + 3764. List the prime factors of o.
2, 157
Suppose -10*k + 6 = -34. Suppose -s + k*c = 7*c - 213, 441 = 2*s + c. Let y = 313 - s. What are the prime factors of y?
7, 13
Suppose g = 2*s - 996, -s + 144 = 2*g + 2126. Let z = g - -2458. List the prime factors of z.
2, 733
Let q = -38 - -195. Let r(h) = -38*h + 601. Let j be r(17). Let a = j + q. List the prime factors of a.
2, 7
Let s(x) = -x**3 + 3*x**2 - x - 3. Let k be s(4). Suppose 7*j + 4 = 9*j + 2*h, 3*j - 8 = -4*h. What are the prime factors of 0 + -2 + j - k?
3, 7
Suppose -4*t + 33 = 21. Suppose t*g = 4*k, -4*g + 0*k = -k. Suppose -13*f = -g*f - 1209. What are the prime factors of f?
3, 31
Let p(r) = r**2 - 4*r + 4. Let k be p(4). Suppose 3*m = -k*d - 12, 0 = -5*d - 2*m - m - 12. List the prime factors of (-5)/((-50)/695)*(2 + d).
139
Let c(u) = u**3 - 5*u**2 + u + 5. Suppose -3*z - w + 14 = -z, -4*z - 5*w = -16. List the prime factors of c(z).
2, 13
What are the prime factors of (-36)/30*(-20 + -6835)?
2, 3, 457
Let h = 38256 + -22113. What are the prime factors of h?
3, 5381
Let b(o) = 4*o**3 + 254*o**2 + 11*o - 195. What are the prime factors of b(-61)?
2, 7, 11, 59
Let g(j) = 128*j**2 + 27*j - 46. List the prime factors of g(-7).
6037
What are the prime factors of (-4)/(-36)*4629*(-9 + 12)?
1543
Let l be ((-180)/10)/((-2)/((-16)/(-6))). Let f(v) = v**2 - 35*v + 43. Let x(t) = -t**2 + 34*t - 44. Let y(b) = 3*f(b) + 4*x(b). List the prime factors of y(l).
11
Let f(u) = -28 + 36 + 9*u - 33. Let a be f(14). Suppose 34 - a = -i. What are the prime factors of i?
67
Let x(y) be the third derivative of -y**4/24 - 4*y**3/3 - 6*y**2. Let j be x(-10). Suppose j*f + 103 = 253. What are the prime factors of f?
3, 5
List the prime factors of (2415/(-14))/(172/184 - 1).
5, 23
List the prime factors of (-10)/(-6)*(-14176)/(-80)*30.
2, 5, 443
Let d = -524 - -524. Suppose 5*h - 524 + 244 = d. List the prime factors of h.
2, 7
Let m be -2 + 5 - 0/(-2). Suppose -2*f = -3*b - m - 1, 2*b + 5 = -f. What are the prime factors of (-1 - b)/(3/186)?
2, 31
Let b(w) = -w**2 - 8*w + 90. Let s be b(25). List the prime factors of (-1 + s/(-10))*16/40.
29
Let d be 465381/441 - (5/(-7) + 1). Suppose -6*c + 541 + d = 0. List the prime factors of c.
2, 7, 19
Let o = 23031 - 5032. List the prime factors of o.
41, 439
Suppose 0 = 47*v - 49*v - 4. Let s be 3 + -1 - v - (5 - 3). What are the prime factors of (-2119)/(-26)*(s - 0)?
163
Let s be (-6)/2*(-184)/(-6). Let q(b) = -6*b - 121. Let i be q(7). Let n = s - i. What are 